{"id":13,"date":"2012-09-05T21:31:54","date_gmt":"2012-09-05T21:31:54","guid":{"rendered":"http:\/\/mk.robal.org\/c5\/?page_id=13"},"modified":"2022-11-09T16:55:46","modified_gmt":"2022-11-09T15:55:46","slug":"o-nas","status":"publish","type":"page","link":"https:\/\/czarna5.zhp.net.pl\/?page_id=13","title":{"rendered":"o nas"},"content":{"rendered":"<p><img style=\"margin: 5px;\" src=\"http:\/\/dabrowagornicza.zhp.pl\/grafiki\/czarnanasz.gif\" alt=\"\" align=\"right\" \/>Czarne berety, czarne chusty i \u2026 czarne charaktery (no z tymi charakterami to mo\u017ce troch\u0119 przesadzone). 5 Szczep \u201eCzarna Pi\u0105tka\u201d. Dzia\u0142amy od 1992r. Ci\u0105gle niepokorni i pr\u00f3buj\u0105cy zmieni\u0107 \u015bwiat na lepszy. Jako szczep mamy gromad\u0119 zuchow\u0105, dru\u017cyn\u0119 harcersk\u0105, starszoharcersk\u0105 i dru\u017cyn\u0119 w\u0119drownicz\u0105. Przez kilkana\u015bcie lat dzia\u0142a\u0142 te\u017c reaktywowany obecnie kr\u0105g instruktorski. Nasz\u0105 siedzib\u0105 jest D\u0105browa G\u00f3rnicza, cho\u0107 tak naprawd\u0119 jeste\u015bmy z kilku r\u00f3\u017cnych miast. W\u0142asna baza sprz\u0119towa pozwala na tworzenie w\u0142asnych ciekawych propozycji programowych. Przez te wszystkie lata pr\u00f3bowali\u015bmy ju\u017c wiele. By\u0142y konie, \u017cagle, strzelnica, kultura i sztuka. G\u0142\u00f3wne specjalno\u015bci \u015brodowiska to: \u0142\u0105czno\u015b\u0107, ratownictwo medyczne (ratownicy z uprawnieniami PCK, kilkana\u015bcie br\u0105zowych \u201eblach\u201d ZHP a tak\u017ce dwie srebrne), turystyka ekstremalna ( np. biwaki w sza\u0142asach, \u015awi\u0119ta na dnie jaskini, Zimowe wyprawy pod namioty) Staramy si\u0119 by\u0107 wsz\u0119dzie tam gdzie ciekawie i niecodziennie. Reprezentacja \u201eCzarnej Pi\u0105tki\u201d trafi\u0142a nawet do W\u0142och i do \u2026 programu 2 TVP do teleturnieju \u201eNiezwyk\u0142a Si\u00f3demka\u201d. Ale nie dzia\u0142amy tylko dla siebie. Przez 16 lat organizowali\u015bmy og\u00f3lnopolsk\u0105 gr\u0119 specjalno\u015bciow\u0105 \u201ePustynna Burza\u201d przyci\u0105gaj\u0105c\u0105 szerokie grono zapale\u0144c\u00f3w nie tylko z ZHP. Wsp\u00f3\u0142tworzymy program pracy hufca wsp\u00f3\u0142organizuj\u0105c wiele imprez. Przez kilka lat prowadzilismy akcj\u0119 szkolenia ratowniczego w\u015br\u00f3d harcerzy naszego i s\u0105siednich hufc\u00f3w. Obawiamy si\u0119, \u017ce w przysz\u0142o\u015bci b\u0119dzie gorzej, bo nasi harcerze m\u0142odsi ju\u017c dzi\u015b maj\u0105 zwariowane pomys\u0142y\u00a0<img class=\"CToWUd\" src=\"https:\/\/mail.google.com\/mail\/e\/1f609\" alt=\"?\" data-goomoji=\"1f609\" data-image-whitelisted=\"\" \/><\/p>\n<p>W szczepie s\u0105 zgromadzone:<\/p>\n<p><strong>5 D\u0105browska Dru\u017cyna Harcerska<\/strong> \u201ead infinitum\u201d im. J. Korczaka -dru\u017cynowa hm. Patrycja Makarska<\/p>\n<p><strong>25 D\u0105browska Dru\u017cyna Harcerska<\/strong> \u201eastra\u201d \u2013 dru\u017cynowa pwd. Natalia Skrzyniarz<\/p>\n<p><strong>15 D\u0105browska Dru\u017cyna Starszoharcerska<\/strong> \u201eNiez\u0142omni\u201d im. Rotmistrza Witolda Pileckiego \u2013 dru\u017cynowy \u0107w. Kacper Szymankiewicz<\/p>\n<p><strong>50 D\u0105browska Dru\u017cyna W\u0119drownicza<\/strong> \u201eZoya\u201d \u2013 dru\u017cynowy \u0107w. Nikodem Leszczawski<\/p>\n<p><strong>Kr\u0105g Instruktorski<\/strong> \u201eDroga Ognia\u201d \u2013 Przewodnicz\u0105ca Kr\u0119gu hm. Patrycja Makarska<\/p>\n<p>Rada Szczepu:<\/p>\n<p><strong>phm. Kacper Szymczak<\/strong> \u2013 Komendant Szczepu<\/p>\n<p><strong>\u0107w. Kacper Szymankiewicz<\/strong> &#8211; Dru\u017cynowy 15 DDS, Zast\u0119pca Komendanta Szczepu<\/p>\n<p><strong>pwd. Natalia Skrzyniarz<\/strong> &#8211; Dru\u017cynowa 25 DDH, Zast\u0119pczyni Komendanta Szczepu<\/p>\n<p><strong>hm. Patrycja Makarska<\/strong> &#8211; Dru\u017cynowy 5 DDH, Zast\u0119pczyni Komendanta Szczepu<\/p>\n<p><strong>\u0107w. Nikodem Leszczawski<\/strong> &#8211; Dru\u017cynowy 50 DDW<\/p>\n\n\n<p><\/p>\n","protected":false},"excerpt":{"rendered":"<p>Czarne berety, czarne chusty i \u2026 czarne charaktery (no z tymi charakterami to mo\u017ce troch\u0119 przesadzone). 5 Szczep \u201eCzarna Pi\u0105tka\u201d. Dzia\u0142amy od 1992r. Ci\u0105gle niepokorni i pr\u00f3buj\u0105cy zmieni\u0107 \u015bwiat na lepszy. Jako szczep mamy gromad\u0119 zuchow\u0105, dru\u017cyn\u0119 harcersk\u0105, starszoharcersk\u0105 i &hellip; <a class=\"more-link\" href=\"https:\/\/czarna5.zhp.net.pl\/?page_id=13\">Czytaj dalej <span class=\"meta-nav\">&rarr;<\/span><\/a><\/p>\n","protected":false},"author":1,"featured_media":0,"parent":0,"menu_order":0,"comment_status":"closed","ping_status":"open","template":"","meta":[],"_links":{"self":[{"href":"https:\/\/czarna5.zhp.net.pl\/index.php?rest_route=\/wp\/v2\/pages\/13"}],"collection":[{"href":"https:\/\/czarna5.zhp.net.pl\/index.php?rest_route=\/wp\/v2\/pages"}],"about":[{"href":"https:\/\/czarna5.zhp.net.pl\/index.php?rest_route=\/wp\/v2\/types\/page"}],"author":[{"embeddable":true,"href":"https:\/\/czarna5.zhp.net.pl\/index.php?rest_route=\/wp\/v2\/users\/1"}],"replies":[{"embeddable":true,"href":"https:\/\/czarna5.zhp.net.pl\/index.php?rest_route=%2Fwp%2Fv2%2Fcomments&post=13"}],"version-history":[{"count":26,"href":"https:\/\/czarna5.zhp.net.pl\/index.php?rest_route=\/wp\/v2\/pages\/13\/revisions"}],"predecessor-version":[{"id":2065,"href":"https:\/\/czarna5.zhp.net.pl\/index.php?rest_route=\/wp\/v2\/pages\/13\/revisions\/2065"}],"wp:attachment":[{"href":"https:\/\/czarna5.zhp.net.pl\/index.php?rest_route=%2Fwp%2Fv2%2Fmedia&parent=13"}],"curies":[{"name":"wp","href":"https:\/\/api.w.org\/{rel}","templated":true}]}}

<p><img style="margin: 5px;" src="http://dabrowagornicza.zhp.pl/grafiki/czarnanasz.gif" alt="" align="right" />Czarne berety, czarne chusty i … czarne charaktery (no z tymi charakterami to może trochę przesadzone). 5 Szczep „Czarna Piątka”. Działamy od 1992r. Ciągle niepokorni i próbujący zmienić świat na lepszy. Jako szczep mamy gromadę zuchową, drużynę harcerską, starszoharcerską i drużynę wędrowniczą. Przez kilkanaście lat działał też reaktywowany obecnie krąg instruktorski. Naszą siedzibą jest Dąbrowa Górnicza, choć tak naprawdę jesteśmy z kilku różnych miast. Własna baza sprzętowa pozwala na tworzenie własnych ciekawych propozycji programowych. Przez te wszystkie lata próbowaliśmy już wiele. Były konie, żagle, strzelnica, kultura i sztuka. Główne specjalności środowiska to: łączność, ratownictwo medyczne (ratownicy z uprawnieniami PCK, kilkanaście brązowych „blach” ZHP a także dwie srebrne), turystyka ekstremalna ( np. biwaki w szałasach, Święta na dnie jaskini, Zimowe wyprawy pod namioty) Staramy się być wszędzie tam gdzie ciekawie i niecodziennie. Reprezentacja „Czarnej Piątki” trafiła nawet do Włoch i do … programu 2 TVP do teleturnieju „Niezwykła Siódemka”. Ale nie działamy tylko dla siebie. Przez 16 lat organizowaliśmy ogólnopolską grę specjalnościową „Pustynna Burza” przyciągającą szerokie grono zapaleńców nie tylko z ZHP. Współtworzymy program pracy hufca współorganizując wiele imprez. Przez kilka lat prowadzilismy akcję szkolenia ratowniczego wśród harcerzy naszego i sąsiednich hufców. Obawiamy się, że w przyszłości będzie gorzej, bo nasi harcerze młodsi już dziś mają zwariowane pomysły <img class="CToWUd" src="https://mail.google.com/mail/e/1f609" alt="?" data-goomoji="1f609" data-image-whitelisted="" /></p>
<p>W szczepie są zgromadzone:</p>
<p><strong>5 Dąbrowska Drużyna Harcerska</strong> „ad infinitum” im. J. Korczaka -drużynowa hm. Patrycja Makarska</p>
<p><strong>25 Dąbrowska Drużyna Harcerska</strong> „astra” – drużynowa pwd. Natalia Skrzyniarz</p>
<p><strong>15 Dąbrowska Drużyna Starszoharcerska</strong> „Niezłomni” im. Rotmistrza Witolda Pileckiego – drużynowy ćw. Kacper Szymankiewicz</p>
<p><strong>50 Dąbrowska Drużyna Wędrownicza</strong> „Zoya” – drużynowy ćw. Nikodem Leszczawski</p>
<p><strong>Krąg Instruktorski</strong> „Droga Ognia” – Przewodnicząca Kręgu hm. Patrycja Makarska</p>
<p>Rada Szczepu:</p>
<p><strong>phm. Kacper Szymczak</strong> – Komendant Szczepu</p>
<p><strong>ćw. Kacper Szymankiewicz</strong> &#8211; Drużynowy 15 DDS, Zastępca Komendanta Szczepu</p>
<p><strong>pwd. Natalia Skrzyniarz</strong> &#8211; Drużynowa 25 DDH, Zastępczyni Komendanta Szczepu</p>
<p><strong>hm. Patrycja Makarska</strong> &#8211; Drużynowy 5 DDH, Zastępczyni Komendanta Szczepu</p>
<p><strong>ćw. Nikodem Leszczawski</strong> &#8211; Drużynowy 50 DDW</p>


<p></p>

<p>Czarne berety, czarne chusty i … czarne charaktery (no z tymi charakterami to może trochę przesadzone). 5 Szczep „Czarna Piątka”. Działamy od 1992r. Ciągle niepokorni i próbujący zmienić świat na lepszy. Jako szczep mamy gromadę zuchową, drużynę harcerską, starszoharcerską i &hellip; <a class="more-link" href="https://czarna5.zhp.net.pl/?page_id=13">Czytaj dalej <span class="meta-nav">&rarr;</span></a></p>
