{"id":720,"date":"2014-01-26T21:15:32","date_gmt":"2014-01-26T20:15:32","guid":{"rendered":"http:\/\/czarna5.zhp.net.pl\/?page_id=720"},"modified":"2014-01-26T21:15:32","modified_gmt":"2014-01-26T20:15:32","slug":"720","status":"publish","type":"page","link":"https:\/\/czarna5.zhp.net.pl\/?page_id=720","title":{"rendered":""},"content":{"rendered":"<p>Zwi\u0105zek Harcerstwa Polskiego\t\t\t\tG\u00f3ra \u015bw. Anny, dnia 22.01.2014r.<br \/>\nChor\u0105giew \u015al\u0105ska Hufiec D\u0105browa G\u00f3rnicza<br \/>\nKomendantka Biwaku Zimowego <\/p>\n<p><strong>Rozkaz biwakowy L.5\/2014<\/strong><\/p>\n<p>Drogie zuchy, harcerze i instruktorzy przyszed\u0142 ostatni dzie\u0144 naszej zimowej harcerskiej przygody. Za nied\u0142ugo nastanie moment po\u017cegnania, kiedy staniemy w harcerskim kr\u0119gu po\u0142\u0105czonym iskr\u0105 przyja\u017ani. Ale pami\u0119tajcie, \u017ce to nie koniec, gdy\u017c koniec jest zawsze pocz\u0105tkiem czego\u015b nast\u0119pnego. Ju\u017c nied\u0142ugo znowu si\u0119 spotkamy na zuchowych i harcerskich zbi\u00f3rkach. Jestem pe\u0142na podziwu dla  Waszej pracy i zaanga\u017cowania jakie pokazali\u015bcie przez ostatnie kilka dni. \u017bycz\u0119 Wam kolejnych sukces\u00f3w i do zobaczenia za rok, mo\u017ce tu, mo\u017ce gdzie indziej, ale nie wa\u017cne gdzie, wa\u017cne z kim. Niech prowadzi Was Prawo i Przyrzeczenie Harcerskie oraz Prawo i Obietnica Zucha. Czuwa!j. <\/p>\n<p>1.   Uchwa\u0142y, zarz\u0105dzenia, decyzje<br \/>\n1.1 Rozwi\u0105zanie dru\u017cyn biwakowych<br \/>\n1.1.1 Z chwil\u0105 powrotu do D\u0105browy G\u00f3rniczej rozwi\u0105zuje nast\u0119puj\u0105ce dru\u017cyny biwakowe powo\u0142ane rozkazem biwakowym L1\/2014 z dn. 18.01.2014:<br \/>\nHakuna Matata<br \/>\nSanty<br \/>\nZoya<br \/>\nAd Infinitum <\/p>\n<p>2.   Zwolnienia<br \/>\n2.1 Zwolnienia ze sk\u0142adu komendy biwaku<br \/>\n2.1.1 Z chwil\u0105 przyjazdu do D\u0105browy G\u00f3rniczej zwalniam z komendy biwaku nast\u0119puj\u0105ce druhny i druh\u00f3w:<br \/>\ndh. sam. Roksan\u0119 Warmuz \u2013 z-czyni ds. programowych<br \/>\nhm. Roberta Latacza \u2013 z-ca ds. organizacyjnych<br \/>\nphm. Aleksandr\u0119 Nadoln\u0105 \u2013 kwatermistrzyni<br \/>\n\u0107w. Damiana Twarowskiego \u2013 obo\u017any <\/p>\n<p>2.2 Zwolnienia funkcyjnych<br \/>\n2.2.1 Z chwil\u0105 przyjazdu do D\u0105browy G\u00f3rniczej zwalniam nast\u0119puj\u0105cych funkcyjnych:<br \/>\nDh. Ewelina Stanek \u2013 dru\u017cynowa dru\u017cyny biwakowej Hakuna Matata<br \/>\nDh. Agnieszka Skalska \u2013 przyboczna dru\u017cyny biwakowej Hakuna Matata<br \/>\nDh. Damian Twarowski \u2013 dru\u017cynowy dru\u017cyny biwakowej Ad infinitum<br \/>\nDh. Magdalena Robakowska \u2013 przyboczna dru\u017cyny biwakowej Ad infinitum<br \/>\nDh. Daria Galant \u2013 dru\u017cynowa dru\u017cyny biwakowej Zoya<br \/>\nDh. Roksana Warmuz \u2013 przyboczna dru\u017cyny biwakowej Zoya<br \/>\nDh. Martha Wieczorek \u2013 dru\u017cynowa dru\u017cyny biwakowej Santy<br \/>\nDh. Mariusz Aniszkiewicz \u2013 przyboczny dru\u017cyny biwakowej Santy<br \/>\n3. Zamkni\u0119cia pr\u00f3b i przyznanie sprawno\u015bci<br \/>\n3.1 Zamykam pr\u00f3b\u0119 i przyznaj\u0119 sprawno\u015b\u0107 KUCHCIKA nast\u0119puj\u0105cym druhom i druhnom<br \/>\nKamelia Caban<br \/>\nOlaf Janukowicz.<br \/>\n3.2 Przyznaj\u0119 sprawno\u015b\u0107 P\u0141YWAKA dh. Marcinowi Sob\u00f3r.<br \/>\n3.3 Zamykam pr\u00f3b\u0119 i przyznaj\u0119 sprawno\u015b\u0107 MILCZKA dh. Zuzannie Czubak<\/p>\n<p>4. Sprawy r\u00f3\u017cne<br \/>\n4.1 Sk\u0142adam serdeczne gratulacje dh. Aleksandrze Malince, dh. Zuzannie Czubak, dh. Kindze Kramarczyk oraz dh. Danielowi Toborek z okazji z\u0142o\u017cenia Przyrzeczenia Harcerskiego, \u017cycz\u0119 kolejnych sukces\u00f3w<br \/>\n4.1.1 Udzielam pochwa\u0142y za wzorowe przygotowanie i przeprowadzenie zimowiska<br \/>\ndh. Robertowi Lataczowi, dh. Aleksandrze Nadolnej, dh. Darii Galant,<br \/>\ndh. Damianowi Twarowskiego, dh. Ewelinie Stanek, Agnieszce Skalskiej, dh. Mariuszowi Aniszkiewiczowi, dh. Marthcie Wieczorek, dh. Karolinie Chmiel, dh. Magdzie Robakowskiej, dh. Roksanie Warmuz. W szczeg\u00f3lno\u015bci dzi\u0119kuj\u0119 i udzielam pochwa\u0142y druhowi Damianowi Twarowskiemu za pe\u0142nienie funkcji obo\u017anego, dh. Roksanie Warmuz za przygotowanie i koordynacj\u0119 programu, druhnie Aleksandrze Nadolnej za koordynacj\u0119 kwestii finansowo \u2013 logistycznych oraz dh. Robertowi Lataczowi za pe\u0142nienie funkcji niezawodnego zast\u0119pcy. <\/p>\n<p>Czuwaj!<br \/>\n<strong>hm. Patrycja Makarska-Chachaj<\/strong><\/p>\n<p>&#8212;&#8212;&#8212;&#8212;&#8212;&#8212;&#8212;&#8212;&#8212;&#8212;&#8212;&#8212;&#8212;&#8212;&#8212;&#8212;&#8212;&#8212;&#8212;&#8212;&#8212;&#8212;&#8212;&#8212;&#8212;&#8212;&#8212;&#8212;&#8212;&#8212;&#8212;-<\/p>\n<p>Zwi\u0105zek Harcerstwa Polskiego\t\t\t\tG\u00f3ra \u015bw. Anny, dnia 21.01.2014r.<br \/>\nChor\u0105giew \u015al\u0105ska Hufiec D\u0105browa G\u00f3rnicza<br \/>\nKomendantka Biwaku Zimowego <\/p>\n<p><strong><br \/>\nRozkaz biwakowy L. 4\/2014<\/strong><\/p>\n<p>Moje drogie zuchy, harcerze i instruktorzy, dzi\u015b dzie\u0144 wyj\u0105tkowy, w sumie jak ka\u017cdy na naszym zimowisku, ale ten jest szczeg\u00f3lnie wyj\u0105tkowy dla wszystkich naszych bab\u0107, bo dzisiaj ich Dzie\u0144, ich \u015awi\u0119to. Pami\u0119tajcie o babciach, zadzwo\u0144cie z \u017cyczeniami i prze\u015blijcie im szczeg\u00f3lne pozdrowienia od nas wszystkich. \u017bycz\u0119 Wam kolejnego radosnego dnia.  <\/p>\n<p>1. S\u0142u\u017cba<br \/>\n1.1 S\u0142u\u017cb\u0119 w dniu dzisiejszym pe\u0142ni dru\u017cyna biwakowa \u201eZoya\u201d. Instruktor s\u0142u\u017cbowy dh. phm. Daria Galant.  <\/p>\n<p>2. Plan dnia<br \/>\n2.1 Podaje do wiadomo\u015bci nast\u0119puj\u0105cy plan dnia:<br \/>\n1.1. Do po\u0142udnia \u2013 zaj\u0119cia programowe w dru\u017cynach<br \/>\n1.2. Po po\u0142udniu \u2013 zaj\u0119cia programowe w dru\u017cynach<br \/>\n1.3. Wieczorem \u2013 kominek  <\/p>\n<p>3. Otwarcie pr\u00f3b<br \/>\n3.1 Otwieram pr\u00f3b\u0119 na sprawno\u015b\u0107 MILCZKA druhnie Zuzannie Czubak i druhowi Teodorowi Sawiczowi.<\/p>\n<p>4. Zamkni\u0119cie pr\u00f3b<br \/>\n4.1 Zamykam z wynikiem pozytywnym pr\u00f3b\u0119 na sprawno\u015b\u0107 P\u0141YWAKA druhnie Annie Malince oraz druhowi Karolowi \u0141agoszowi. Serdecznie gratuluj\u0119 zdobycia kolejnych umiej\u0119tno\u015bci.<br \/>\n4.2 Zamykam z wynikiem pozytywnym pr\u00f3b\u0119 na sprawno\u015b\u0107 KUCHCIKA druhnie Kameli Caban oraz druhowi Olafowi Janukowiczowi.<br \/>\n4.3 Zamykam z wynikiem negatywnym pr\u00f3b\u0119 na sprawno\u015b\u0107 P\u0141YWAKA druhnie Roksanie Warmuz. <\/p>\n<p>5. Sprawy r\u00f3\u017cne<br \/>\n5.1 Podaje do informacji wyniki turnieju w kr\u0119gle:<br \/>\n1.1. Miejsce I \u2013 Zoya<br \/>\n1.2. Miejsce II \u2013 Santy<br \/>\n1.3. Miejsce III \u2013 Ad Infinitum<br \/>\n1.4. Miejsce IV \u2013 Hakuna Matata<br \/>\nGratuluje zwyci\u0119zcom. Jestem dumna z Was wszystkich, udowodnili\u015bcie, \u017ce potraficie si\u0119 wspaniale bawi\u0107 w duchy sportowego wsp\u00f3\u0142zawodnictwa. <\/p>\n<p>Czuwaj!<br \/>\n<strong>hm. Patrycja Makarska-Chachaj<\/strong><\/p>\n<p>&#8212;&#8212;&#8212;&#8212;&#8212;&#8212;&#8212;&#8212;&#8212;&#8212;&#8212;&#8212;&#8212;&#8212;&#8212;&#8212;&#8212;&#8212;&#8212;&#8212;&#8212;&#8212;&#8212;&#8212;&#8212;&#8212;&#8212;&#8212;&#8212;&#8211;<\/p>\n<p>Zwi\u0105zek Harcerstwa Polskiego\t\t\t\tG\u00f3ra \u015bw. Anny, dnia 20.01.2014r.<br \/>\nChor\u0105giew \u015al\u0105ska Hufiec D\u0105browa G\u00f3rnicza<br \/>\nKomendantka Biwaku Zimowego <\/p>\n<p><strong>Rozkaz biwakowy L. 3\/2014<\/strong><\/p>\n<p>Moje drogie zuchy, harcerze i instruktorzy, na ka\u017cdym wyje\u017adzie przychodzi czas wycieczki, zwiedzania i poznawania nowych miejscy. Ten czas na naszym zimowisku przypada na dzie\u0144 dzisiejszy. \u017bycz\u0119 Wam wszystkim udanej zabawy i wielu rado\u015bci. Pami\u0119tajcie, \u017ce mi\u0142o i rado\u015bnie sp\u0119dzony czas na wycieczce zawsze zwi\u0105zany jest z przestrzeganiem og\u00f3lnie przyj\u0119tych zasad i regulamin\u00f3w. Niech w dniu dzisiejszym wszystkim harcerzom przy\u015bwieca si\u00f3dmy i \u00f3smy punkt Prawa Harcerskiego a zuchom pi\u0105ty punkt Prawa Zucha. <\/p>\n<p>1. S\u0142u\u017cba<br \/>\n1.1 S\u0142u\u017cb\u0119 w dniu dzisiejszym pe\u0142ni dru\u017cyna biwakowa \u201eAd Infinitum. Instruktor s\u0142u\u017cbowy dh. Magdalena Robakowska.  \u201e<\/p>\n<p>2. Plan dnia<br \/>\n2.1 Podaje do wiadomo\u015bci nast\u0119puj\u0105cy plan dnia:<br \/>\nDo po\u0142udnia \u2013 zaj\u0119cia programowe w dru\u017cynach<br \/>\nPo po\u0142udniu \u2013 wycieczka do Zdzieszowic<br \/>\nWieczorem \u2013 zaj\u0119cia programowe <\/p>\n<p>3. Otwarcie pr\u00f3b<br \/>\n3.1 Otwieram pr\u00f3b\u0119 na sprawno\u015b\u0107 P\u0141YWAKA druhnie Roksanie Warmuz oraz druhowi Karolowi \u0141agoszowi.<br \/>\n3.2 Otwieram pr\u00f3b\u0119 na sprawno\u015b\u0107 SUPER P\u0141YWAKA druhnie Annie Malince.<br \/>\n3.3 Otwieram pr\u00f3b\u0119 na sprawno\u015b\u0107 MILCZKA druhnie Zuzannie Czubak i przypominam, \u017ce czas zdobywania tej sprawno\u015bci powinien by\u0107 po\u015bwi\u0119cony na rozmy\u015blaniu przy zachowaniu ciszy i ograniczeniu komunikacji. Niech b\u0119dzie to sprawdzian charakteru. <\/p>\n<p>4. Zamkni\u0119cie pr\u00f3b<br \/>\n4.1 Zamykam z wynikiem negatywnym pr\u00f3b\u0119 na sprawno\u015b\u0107 MILCZKA otwarte rozkazem L2\/2014 nast\u0119puj\u0105cym druhom i druhnom:<br \/>\nJuli Zarzyckiej<br \/>\nZuzannie Czubak<br \/>\nNatalia Skrzyniarz<br \/>\nKamelii Caban<br \/>\nMarcinowi Sob\u00f3r<br \/>\nJulkowi Klimasowi<br \/>\nWiktorii Grabowskiej<br \/>\nMateuszowi Grendzie<br \/>\nDanielowi Tobrek<br \/>\nPiotrowi Wal\u0119ga<br \/>\nKindze Kramarczyk <\/p>\n<p>5. Kary i upomnienia.<br \/>\n5.1 Udzielam upomnienia wszystkim druhom mieszkaj\u0105cym w pokoju 8E oraz druhowi Mateuszowi W\u00f3jcikowi za niezachowanie ciszy nocnej. Przypominam, \u017ce po og\u0142oszeniu ciszy nocnej przez Obo\u017anego obowi\u0105zuje cisza bezwzgl\u0119dna, obowi\u0105zek zgaszonego \u015bwiat\u0142a w pokojach oraz zakaz wychodzenia z pokoi za wyj\u0105tkiem potrzeb fizjologicznych i na wyra\u017any rozkaz kadry zimowiska. <\/p>\n<p>Czuwaj!<br \/>\n<strong>Hm. Patrycja Makarska-Chachaj<\/strong><br \/>\n&#8212;&#8212;&#8212;&#8212;&#8212;&#8212;&#8212;&#8212;&#8212;&#8212;&#8212;&#8212;&#8212;&#8212;&#8212;&#8212;&#8212;&#8212;&#8212;&#8212;&#8212;&#8212;&#8212;&#8212;&#8212;&#8212;&#8212;&#8212;-<\/p>\n<p>Zwi\u0105zek Harcerstwa Polskiego\t\t\t\tG\u00f3ra \u015bw. Anny, dnia 19.01.2014r.<br \/>\nChor\u0105giew \u015al\u0105ska Hufiec D\u0105browa G\u00f3rnicza<br \/>\nKomendantka Biwaku Zimowego <\/p>\n<p><strong>Rozkaz biwakowy L. 2\/2014<\/strong><\/p>\n<p>Moje drogie zuchy, harcerze i instruktorzy, to ju\u017c drugi dzie\u0144 naszej wsp\u00f3lnej zimowej przygody. Pisz\u0119 \u201ezimowej\u201d troch\u0119 z przek\u0105sem, bo za oknem deszczowo i mgli\u015bcie. \u017bycz\u0119 Wam kolejnego udanego dnia i jestem pe\u0142na nadziei, \u017ce k\u0142ad\u0105c si\u0119 wieczorem spa\u0107 b\u0119dziecie pe\u0142ni rado\u015bci i satysfakcji z prze\u017cytych chwil. <\/p>\n<p>1. Mianowania<br \/>\n1.1 Mianuj\u0119 przyboczn\u0105 dru\u017cyny biwakowej \u201eSanty\u201d dh. Karolin\u0119 Chmiel. <\/p>\n<p>2. S\u0142u\u017cba<br \/>\n2.1 S\u0142u\u017cb\u0119 w dniu dzisiejszym pe\u0142ni dru\u017cyna biwakowa \u201eSanty\u201d. Instruktor s\u0142u\u017cbowy dh. Martha Wieczorek.<\/p>\n<p>3. Plan dnia<br \/>\n3.1 Podaje do wiadomo\u015bci nast\u0119puj\u0105cy plan dnia:<br \/>\nDo po\u0142udnia \u2013 Uczestnictwo w Mszy \u015awi\u0119tej, nast\u0119pnie zaj\u0119cia programowe w dru\u017cynach<br \/>\nPo po\u0142udniu \u2013 zaj\u0119cia programowe w dru\u017cynach<br \/>\nWieczorem \u2013 zaj\u0119cia programowe w dru\u017cynach <\/p>\n<p>4. Otwarcie pr\u00f3b<br \/>\n4.1 Otwieram pr\u00f3b\u0119 na sprawno\u015b\u0107 MILCZKA nast\u0119puj\u0105cym druhnom i druhom:<br \/>\nJuli Zarzyckiej<br \/>\nZuzannie Czubak<br \/>\nNatalia Skrzyniarz<br \/>\nKamelii Caban<br \/>\nMarcinowi Sob\u00f3r<br \/>\nJulkowi Klimasowi<br \/>\nWiktorii Grabowskiej<br \/>\nMateuszowi Grendzie<br \/>\nDanielowi Toborek<br \/>\nPiotrowi Wal\u0119ga<br \/>\nKindze Kramarczyk<br \/>\n4.2 Otwieram pr\u00f3b\u0119 na sprawno\u015b\u0107 KUCHCIKA nast\u0119puj\u0105cym druhom i druhnom:<br \/>\nKameli Caban<br \/>\nOlafowi Janukowiczowi<br \/>\n4.3 Otwieram pr\u00f3b\u0119 na sprawno\u015b\u0107 HIGIENISTKI nast\u0119puj\u0105cym druhnom<br \/>\nZuzannie Czubak<br \/>\nNatalii Skrzyniarz<br \/>\nKameli Caban<br \/>\n4.4 Otwieram pr\u00f3b\u0119 na sprawno\u015b\u0107 FOTOAMATORKI dh. Agnieszce Daneckiej.<br \/>\n4.5 Otwieram pr\u00f3b\u0119 na sprawno\u015b\u0107 ASTRONOMA dh. Teodorowi Sawiczowi.<\/p>\n<p>Czuwaj!<br \/>\n<strong>hm. Patrycja Makarska-Chachaj<\/strong><br \/>\n&#8212;&#8212;&#8212;&#8212;&#8212;&#8212;&#8212;&#8212;&#8212;&#8212;&#8212;&#8212;&#8212;&#8212;&#8212;&#8212;&#8212;&#8212;&#8212;&#8212;&#8212;&#8212;&#8212;&#8212;&#8212;&#8212;&#8212;&#8212;<\/p>\n<p>Zwi\u0105zek Harcerstwa Polskiego\t\t\t\tG\u00f3ra \u015bw. Anny, dnia 18.01.2014r.<br \/>\nChor\u0105giew \u015al\u0105ska Hufiec D\u0105browa G\u00f3rnicza<br \/>\nKomendantka Biwaku Zimowego <\/p>\n<p><strong>Rozkaz biwakowy L.1\/2014<\/strong><\/p>\n<p>Zuchny i zuchy, druhny i druhowie, instruktorzy i instruktorki mi\u0142o mi Was powita\u0107 na wsp\u00f3lnym zimowisku V Szczepu Harcerskiego \u201eCzarna Pi\u0105tka\u201d i 13 Wodnej D\u0105browskiej Dru\u017cyny Harcerskiej \u201eSanty\u201d. Jestem pe\u0142na nadziei, \u017ce te pi\u0119\u0107 wsp\u00f3lnie sp\u0119dzonych dni przyniesie nam wiele rado\u015bci, wspania\u0142ych wspomnie\u0144, pog\u0142\u0119bi istniej\u0105ce przyja\u017anie i b\u0119dzie okazj\u0105 do zawierania nowych. Uczestnikom \u017cycz\u0119 wspania\u0142ej przygody, a kadrze satysfakcji z realizowanego programu. Pami\u0119tajcie, \u017ce udane wypoczynek zwi\u0105zany jest z przestrzeganiem og\u00f3lnie przyj\u0119tych zasad bezpiecze\u0144stwa i porz\u0105dku. \u017bycz\u0119 Wam, \u017ceby podczas tych pi\u0119ciu dni przy\u015bwieca\u0142o wam Prawo Zucha i Prawo Harcerskie. <\/p>\n<p>1.   Uchwa\u0142y, zarz\u0105dzenia, decyzje<br \/>\n1.1 Powo\u0142anie dru\u017cyn biwakowych<br \/>\n1.1.1 Powo\u0142uje nast\u0119puj\u0105ce dru\u017cyny biwakowe:<br \/>\n\u201eHakuna Matata\u201d w sk\u0142adzie: Konrad Caban, Laura Chycka, Iwo Warmuz, Patrycja Okienica, Wiktoria Dobosz, Matylda Taborek, Maja Ch\u0119ci\u0144ska, Szymon Raciborski, Kamil Szewczyk, Zuzanna Sokoli\u0144ska, Bartosz Zmys\u0142owski, Ewelina Stanek, Agnieszka Skalska. <\/p>\n<p>\u201eAd Infinitum\u201d w sk\u0142adzie: Mateusz Robakowski, Aleksandra Malinka, Julia Zarzycka, Olaf Janukowicz, Kamelia Caban, Marcin Sob\u00f3r, Juliusz Klimas, Agnieszka Danecka, Natalia Skrzyniarz, Teodor Sawicz, Zuzanna Czubak, Magdalena Robakowska, Damian Twarowski.<\/p>\n<p>\u201eZoya\u201d w sk\u0142adzie: Patrycja Obarewicz, Karol \u0141agosz, Artur Gdulski, Mateusz W\u00f3jcik, Anna Malinka, Roksana Warmuz, Daria Galant.<\/p>\n<p>\u201eSanty\u201d w sk\u0142adzie: Konrad Frankiewicz, Kamil Sodo, Piotr \u017barski, Tymoteusz Heli\u0144ski, Krzysztof Pir\u00f3g, Wiktoria Grabowska, Klaudia Nowacka, Daniel Toborek, Mateusz Grenda, Karolina Chmiel, Piotr Wal\u0119ga, Kinga Kramarczyk, Zofia D\u0105bek, Marta Wieczorek, Mariusz Aniszkiewicz.<br \/>\n2.   Mianowania<br \/>\n2.1 Powo\u0142ania w sk\u0142ad komendy biwaku<br \/>\n2.1.1 Mianuj\u0119 z-czyni\u0105 komendantki biwaku ds. programu dh. sam. Roksan\u0119 Warmuz.<br \/>\n2.1.2 Mianuj\u0119 z-c\u0105 komendantki biwaku ds. organizacyjnych dh. hm. Roberta Latacz.<br \/>\n2.1.3 Mianuje kwatermistrzem biwaku dh.phm. Aleksandr\u0119 Nadoln\u0105.<br \/>\n2.1.4 Mianuj\u0119 obo\u017anym biwaku dh. \u0107w. Damiana Twarowskiego. <\/p>\n<p>2.2 Mianowania funkcyjnych<br \/>\n2.2.1 Mianuj\u0119 dru\u017cynow\u0105 dru\u017cyny \u201eHakuna Matata\u201d dh. Ewelin\u0119 Stanek.<br \/>\n2.2.2 Mianuj\u0119 przyboczn\u0105 dru\u017cyny \u201eHakuna Matata\u201d dh. Agnieszk\u0119 Skalsk\u0105.<br \/>\n2.2.3 Mianuj\u0119 dru\u017cynowym dru\u017cyny \u201eAd Infinitum\u201d dh. Damiana Twarowskiego.<br \/>\n2.2.4 Mianuj\u0119 przyboczn\u0105 dru\u017cyny \u201eAd Infinitum\u201d dh. Magdalen\u0105 Robakowsk\u0105.<br \/>\n2.2.5 Mianuj\u0119 dru\u017cynow\u0105 dru\u017cyny \u201eZoya\u201d phm. Dari\u0119 Galant.<br \/>\n2.2.6 Mianuj\u0119 przyboczn\u0105 dru\u017cyny \u201eZoya\u201d dh. sam. Roksan\u0119 Warmuz.<br \/>\n2.2.7 Mianuj\u0119 dru\u017cynow\u0105 dru\u017cyny \u201eSanty\u201d dh. Marth\u0119 Wieczorek.<br \/>\n2.2.8 Mianuj\u0119 przybocznym dru\u017cyny \u201eSanty\u201d dh. Mariusza Aniszkiewicza. <\/p>\n<p>Czuwaj!<br \/>\n<strong>hm. Patrycja Makarska-Chachaj<\/strong><\/p>\n","protected":false},"excerpt":{"rendered":"<p>Zwi\u0105zek Harcerstwa Polskiego G\u00f3ra \u015bw. Anny, dnia 22.01.2014r. Chor\u0105giew \u015al\u0105ska Hufiec D\u0105browa G\u00f3rnicza Komendantka Biwaku Zimowego Rozkaz biwakowy L.5\/2014 Drogie zuchy, harcerze i instruktorzy przyszed\u0142 ostatni dzie\u0144 naszej zimowej harcerskiej przygody. Za nied\u0142ugo nastanie moment po\u017cegnania, kiedy staniemy w harcerskim &hellip; <a class=\"more-link\" href=\"https:\/\/czarna5.zhp.net.pl\/?page_id=720\">Czytaj dalej <span class=\"meta-nav\">&rarr;<\/span><\/a><\/p>\n","protected":false},"author":1,"featured_media":0,"parent":0,"menu_order":0,"comment_status":"closed","ping_status":"open","template":"","meta":[],"_links":{"self":[{"href":"https:\/\/czarna5.zhp.net.pl\/index.php?rest_route=\/wp\/v2\/pages\/720"}],"collection":[{"href":"https:\/\/czarna5.zhp.net.pl\/index.php?rest_route=\/wp\/v2\/pages"}],"about":[{"href":"https:\/\/czarna5.zhp.net.pl\/index.php?rest_route=\/wp\/v2\/types\/page"}],"author":[{"embeddable":true,"href":"https:\/\/czarna5.zhp.net.pl\/index.php?rest_route=\/wp\/v2\/users\/1"}],"replies":[{"embeddable":true,"href":"https:\/\/czarna5.zhp.net.pl\/index.php?rest_route=%2Fwp%2Fv2%2Fcomments&post=720"}],"version-history":[{"count":1,"href":"https:\/\/czarna5.zhp.net.pl\/index.php?rest_route=\/wp\/v2\/pages\/720\/revisions"}],"predecessor-version":[{"id":721,"href":"https:\/\/czarna5.zhp.net.pl\/index.php?rest_route=\/wp\/v2\/pages\/720\/revisions\/721"}],"wp:attachment":[{"href":"https:\/\/czarna5.zhp.net.pl\/index.php?rest_route=%2Fwp%2Fv2%2Fmedia&parent=720"}],"curies":[{"name":"wp","href":"https:\/\/api.w.org\/{rel}","templated":true}]}}